7
In base 3, what is -111100 - 21022011?
-21210111
In base 12, what is 7783374 - 1?
7783373
In base 3, what is 0 + 100000120211121?
100000120211121
In base 14, what is -650b - -1223?
-52c8
In base 12, what is 1090 + 1197?
2267
In base 5, what is 32010 + -13030?
13430
In base 10, what is 132551141 - 1?
132551140
In base 13, what is -5686a3a + -5?
-5686a42
In base 4, what is 212210210130 + -12?
212210210112
In base 13, what is 15 - 964907?
-9648c2
In base 3, what is -102120 - -1011110221?
1011001101
In base 8, what is -20 + -2433735?
-2433755
In base 7, what is -14145624 - -51?
-14145543
In base 10, what is -7840326 - 1?
-7840327
In base 4, what is 100222213 - 2130?
100220023
In base 3, what is 1122001111001 + 112?
1122001111120
In base 4, what is -202131 - 20123000?
-20331131
In base 8, what is 15065 + 7345?
24432
In base 4, what is -201103 - 22300?
-230003
In base 9, what is 257 - 1874267?
-1874010
In base 12, what is -3 + -2ba32b?
-2ba332
In base 6, what is 30 + -4030052?
-4030022
In base 5, what is -34203 - -240023?
200320
In base 11, what is 70a8 - 404?
67a4
In base 6, what is -5 + -204122432?
-204122441
In base 14, what is 1b70676a - 3?
1b706767
In base 15, what is 7 + -2d3c626?
-2d3c61e
In base 4, what is -101 - 101012231?
-101012332
In base 9, what is 276475 - -1361?
277846
In base 2, what is 11001000110111101101011101 + 1001?
11001000110111101101100110
In base 7, what is -45515 - 5105?
-53623
In base 2, what is 1000011010 - -100000010010111000?
100000011011010010
In base 13, what is -6 - -427c0a2?
427c099
In base 3, what is -12100202 - -1011110002?
222002100
In base 9, what is -773284 + 14?
-773270
In base 16, what is 1422eef1 + -5?
1422eeec
In base 16, what is 3c8e + 379?
4007
In base 11, what is 1 + -469942?
-469941
In base 11, what is -113523 + -5?
-113528
In base 6, what is 2010 + -24221100?
-24215050
In base 9, what is -762107 + 10?
-762087
In base 16, what is -9d - -21f6?
2159
In base 13, what is -160184 + 196?
-15ccbb
In base 14, what is 53 + -494679?
-494626
In base 6, what is -2304431 - -1322?
-2303105
In base 9, what is 11186003 + 8?
11186012
In base 2, what is -101 - 1001000111001001111110101110?
-1001000111001001111110110011
In base 15, what is -1 + -db192?
-db193
In base 5, what is 2 + 310030214340?
310030214342
In base 5, what is -114204203 - -1004?
-114203144
In base 14, what is 688d0 - -27?
68917
In base 7, what is 264 - -1452322?
1452616
In base 8, what is 1251024 - 21?
1251003
In base 4, what is 3101203112013 + 21?
3101203112100
In base 5, what is 23043 + -12330?
10213
In base 16, what is 3 - -1af18?
1af1b
In base 4, what is -2211020 + -211332?
-3023012
In base 3, what is 21102102121022 + 10?
21102102121102
In base 11, what is -24a4a9 - -41?
-24a468
In base 7, what is 1361126633 + -2?
1361126631
In base 10, what is 145086151 - 5?
145086146
In base 11, what is -152011 + 18?
-151aa4
In base 5, what is 1 + -4442034100?
-4442034044
In base 2, what is 10001101010110101100100100 + 101?
10001101010110101100101001
In base 5, what is -144001002 + -4?
-144001011
In base 9, what is 821 + 353527?
354448
In base 9, what is 68 + 214712?
214781
In base 4, what is -3010000 - 23303?
-3033303
In base 10, what is -3529 + 1225?
-2304
In base 3, what is -12102121 + 2001010011?
1211200120
In base 5, what is -2230120 - 200222?
-2430342
In base 5, what is -13 + 1130202441?
1130202423
In base 9, what is -3 + 24882600?
24882586
In base 15, what is -302 + -2c04?
-3006
In base 14, what is b8 - 694c5d?
-694b85
In base 6, what is -1134301031 + 5?
-1134301022
In base 16, what is -634 - 3842?
-3e76
In base 11, what is 12a - -588?
707
In base 2, what is -10110100001010000101100101 + -11?
-10110100001010000101101000
In base 16, what is -4 - 44b8fd?
-44b901
In base 7, what is 4350 - -51066?
55446
In base 10, what is 158689 + -3060?
155629
In base 10, what is 102545 + -2106?
100439
In base 14, what is 25 + c083d3?
c08418
In base 13, what is -193733 - -146?
-1935ba
In base 12, what is -7658840 - -4?
-7658838
In base 12, what is 2301914 - -4?
2301918
In base 8, what is 0 - -353371413?
353371413
In base 10, what is 1923825 + 203?
1924028
In base 7, what is -33664021 - 1?
-33664022
In base 2, what is -10100001101011100010 + 100010?
-10100001101011000000
In base 3, what is 2202122000111 + 2011?
2202122002122
In base 6, what is -10 - -53335031?
53335021
In base 11, what is 391821 - -48?
391869
In base 15, what is dc06 + -11?
dbe5
In base 4, what is -13022 + 300133331?
300120303
In base 4, what is -10022 + 1100013133?
1100003111
In base 5, what is -2241 - -1420402?
1413111
In base 10, what is 288 + 1556509?
1556797
In base 13, what is 106220 - -3?
106223
In base 8, what is 434667 + -35?
434632
In base 9, what is 486375 + 125?
486511
In base 6, what is -2211 + 14331455?
14325244
In base 2, what is -11000111010101100100011 - -110000?
-11000111010101011110011
In base 6, what is 142 + -3340215?
-3340033
In base 14, what is 558ab - 1112?
54799
In base 7, what is -602 - -1250603?
1250001
In base 11, what is 45216246 + -2?
45216244
In base 11, what is 19571709 - -2?
19571710
In base 16, what is -bbae + -e17?
-c9c5
In base 11, what is -8 - 565747?
-565754
In base 5, what is 3040 + 232323?
240413
In base 12, what is -2 - -8086555?
8086553
In base 11, what is -6736 + -121?
-6857
In base 7, what is 3 - -2606641065?
2606641101
In base 13, what is -43 + -14c378?
-14c3bb
In base 14, what is 305 - -5d1?
8d6
In base 12, what is 5 + b99541?
b99546
In base 3, what is 2 - 2021011120210111?
-2021011120210102
In base 12, what is 26418b + 9?
264198
In base 16, what is 63c08ca - 1?
63c08c9
In base 8, what is 5 + -41637413?
-41637406
In base 3, what is 11 - -1111220000002120?
1111220000002201
In base 9, what is -500527 - 131?
-500658
In base 11, what is 1709 + -1321?
398
In base 14, what is -b36 - 9c16b?
-9cca3
In base 16, what is -4 - accea3?
-accea7
In base 3, what is -1200211021 + -1200?
-1200212221
In base 8, what is -1 + 167616073?
167616072
In base 14, what is -3 + 25c6d5?
25c6d2
In base 4, what is -1 + 32211033121223?
32211033121222
In base 14, what is 1240 - 2c43?
-1a03
In base 2, what is -10000110 + -1110010011011000?
-1110010101011110
In base 6, what is -30012105 - -421?
-30011244
In base 5, what is 14103104 + -23414?
14024140
In base 12, what is -73b6 + 1a4?
-7212
In base 14, what is 9d02cc5 + 5?
9d02cca
In base 15, what is -d1c - 130c0?
-13ddc
In base 5, what is 23222344 + 1020?
23223414
In base 6, what is 4 + -1301334444?
-1301334440
In base 6, what is 210 + 52240310?
52240520
In base 15, what is -2 + 10e65a2?
10e65a0
In base 13, what is -8052 + -101?
-8153
In base 5, what is 13422021 + -2101?
13414420
In base 9, what is 3 - -137135644?
137135647
In base 14, what is -1 - -36002aa?
36002a9
In base 6, what is 51502041 - -254?
51502335
In base 7, what is -34161144 + -313?
-34161460
In base 12, what is 37b4977 - 4?
37b4973
In base 15, what is 5 - 48575b?
-485756
In base 8, what is -37 - 677440?
-677477
In base 10, what is -3512 - 2247?
-5759
In base 4, what is 32301223131 - -1?
32301223132
In base 14, what is 738d25 + -1?
738d24
In base 3, what is -220212222110 - -2012?
-220212220021
In base 3, what is -2000122011100 - 1022001?
-2000200110101
In base 9, what is 80648 - 15008?
64640
In base 7, what is 435500 - 55?
435412
In base 8, what is -73245631 + -2?
-73245633
In base 13, what is 90b60c5 - 1?
90b60c4
In base 9, what is -344283 + 50?
-344233
In base 11, what is 2 + -4a9184?
-4a9182
In base 11, what is -227871 + 16a?
-227702
In base 4, what is -1212210 + -10000?
-1222210
In base 10, what is 7 - 6234194?
-6234187
In base 13, what is 53a9c0 - -4?
53a9c4
In base 6, what is -30153141 + -2?
-30153143
In base 16, what is 20ef8 - -100?
20ff8
In base 2, what is 1101111110010111001 - -10?
1101111110010111011
In base 10, what is 94 + -2042118?
-2042024
In base 8, what is -7524 - 12767?
-22513
In base 9, what is 765114 - -47?
765162
In base 6, what is -10100224125 - -5?
-10100224120
In base 6, what is 453021041 + -140?
453020501
In base 16, what is -4 - -1158eb?
1158e7
In base 7, what is 0 + -6410134?
-6410134
In base 5, what is 104114130 + 3422?
104123102
In base 4, what is 10 - 1022302303030?
-1022302303020
In base 14, what is -1bdbdc6c - 5?
-1bdbdc73
In base 12, what is 691 + 